 - -429. Let z = o + -208. Calculate the remainder when 143 is divided by z.
23
Suppose -22000 = -448*c + 348*c. What is the remainder when c is divided by 116?
104
Let v be (6/(-4))/(5/(-70)). Let n be (-4)/3*v/(-4). Suppose n*s - 89 = -5. Calculate the remainder when 71 is divided by s.
11
Let a = 3759 - 3670. Calculate the remainder when 610 is divided by a.
76
Let q = -380 - -114. Let a = -101 + -51. Let x = a - q. Calculate the remainder when x is divided by 39.
36
Let s(q) = 522*q + 3166. What is the remainder when 216 is divided by s(-6)?
12
Suppose -5*r + 1188 = 27*r - 10*r. Calculate the remainder when 369 is divided by r.
45
Let o = 17504 - 17481. What is the remainder when 1401 is divided by o?
21
What is the remainder when 667 is divided by -15 + (212 - -15) + (10 - 2)?
7
Suppose -3*h = -3*b - 771, -b + 252 = h + 3*b. Suppose h = 21*q - 13*q. Calculate the remainder when 254 is divided by q.
30
Suppose -954 = -3*i + 5*v, v + 0*v - 3 = 0. What is the remainder when i is divided by 320?
3
Suppose 6 = 11*l - 8*l. Calculate the remainder when 66 is divided by (-1 + 165/25)/(l/5).
10
Calculate the remainder when 506 is divided by 366/(-18)*(7*-2 + -1 - -3).
18
Suppose -3*y - 123 = -6*y. What is the remainder when y is divided by (0 - 138)*(-14 + (-166)/(-12))?
18
Suppose 140 = 3*i + 128. Suppose 5*d - 626 = -2*r, -236 = -6*d + 4*d + i*r. Calculate the remainder when d is divided by 9.
7
Suppose -25 - 32 = -t. Suppose -3*r = -48 - t. Let a = -29 + r. Calculate the remainder when 29 is divided by a.
5
Let p(r) = -r**3 + 15*r**2 - 23*r - 22. Let g be p(13). Suppose 14*u + 111 = g*u. Calculate the remainder when u is divided by 25.
12
Let k(r) = 416*r + 1291. What is the remainder when 422 is divided by k(-3)?
35
Suppose 31*v - 2032 = 27*v. Let i = v - 218. Let m = -206 + i. Calculate the remainder when m is divided by 22.
18
What is the remainder when 130 is divided by (-79)/(-237)*(-6)/1 + 84?
48
Suppose -2*l - 48*u + 46*u + 190 = 0, 3*l - 3*u = 237. What is the remainder when l is divided by ((-32)/(-3) - 2)*3?
9
Suppose -2*l + 5*l = 18. Let g(a) = -a + 40. Let s be g(21). Suppose s - 89 = -14*h. Calculate the remainder when l is divided by h.
1
Suppose -882 - 78 = -6*q. Suppose p + 7*p = q. Suppose p*z - 24*z = -148. Calculate the remainder when z is divided by 10.
7
Suppose -12*q + 1450 = 394. What is the remainder when 177 is divided by q?
1
Let u = -12414 + 18409. What is the remainder when u is divided by 20?
15
Suppose -104 = -4*n + 2*f, 5*f = -n - 3*n + 76. Suppose 0 = -6*i - 163 + 199. What is the remainder when (0 - -2)/(i - (-6116)/(-1023)) is divided by n?
21
Suppose -s - s = 5*v - 72, 0 = s - 2*v - 45. Let c(m) = -2*m**3 - 5*m - 591. Let f be c(0). Let z = -580 - f. What is the remainder when s is divided by z?
8
Let y = 47 - 34. What is the remainder when 140 is divided by 49 - y/(78/12)?
46
Suppose 201 + 531 = 61*x. Let g be (-2 + 2/4)*-72. Suppose -8*l + x*l = g. What is the remainder when 106 is divided by l?
25
Let r(a) = -a**3 + 15*a**2 - 34*a - 1. What is the remainder when 716 is divided by r(7)?
104
Suppose -4*d + 349 = -559. Let t = -201 + d. Calculate the remainder when t is divided by 8.
2
Suppose 1127*i - 1125*i - 340 = 0. What is the remainder when i is divided by 124?
46
Suppose -6*u + 4*u = -2*a, 0 = u + 4*a. Suppose u = 15*s - 42*s + 648. Calculate the remainder when 66 is divided by s.
18
What is the remainder when -3 - -6 - -269*(22 + -16) is divided by 13?
5
Suppose -52*t - 59*t + 3965 = -46*t. Suppose 3*y + 4*s - 21 = 330, -5*s = 15. What is the remainder when y is divided by t?
60
Let q(c) = 3*c - 22 - 6*c + 12*c. What is the remainder when q(14) is divided by 27?
23
Suppose -41*d + 64368 = 157*d - 54*d. Calculate the remainder when d is divided by 138.
33
Suppose 1600*t = 1598*t + 338. What is the remainder when t is divided by (-80)/30*((1 - 0) + -28)?
25
Suppose 7*f - 2*f - 278 = 717. Calculate the remainder when 746 is divided by f.
149
Let i be 46/(-8) - (-2)/(-8). Suppose 162 = 3*y + 3*g, 16*g - 19*g + 260 = 5*y. Calculate the remainder when y is divided by i/(-9) - 165/(-9).
11
Suppose -115*c + 118*c = 1134. Suppose 7*i = -141 + 806. What is the remainder when c is divided by i?
93
Calculate the remainder when ((-100)/25 - -2)*-920 is divided by 34.
4
Let j = 24 - 11. Suppose -34*z + 33*z + 133 = 0. Suppose 203 = 2*g + z. What is the remainder when g is divided by j?
9
Let y be (-1)/(-2)*(-216)/(-27). Suppose y*f + v + 2*v = 38, -4*f = 2*v - 40. Calculate the remainder when 20 is divided by f.
9
Suppose 32*s = 34*s - 160. Suppose 11*l - 125 = 7*l - 3*v, -2*v - s = -2*l. Calculate the remainder when 104 is divided by l.
34
Let f be ((-414)/(-24))/1*(-40)/(-15). Let r = f - 43. Calculate the remainder when 30 is divided by r.
0
Let y = 3427 - 3397. Calculate the remainder when 3537 is divided by y.
27
Suppose -d = -b - 107, 5*d + 0*b - 515 = b. Suppose 0 = 73*z - 4844 + 3238. What is the remainder when d is divided by z?
14
Let a(m) = m**3 - 10*m**2 - 18*m + 29. Suppose -g = x + 2*g + 3, 4*x + 5*g = 23. What is the remainder when a(x) is divided by 51?
50
Suppose 78284 = 44*g - 7951 - 44181. Calculate the remainder when g is divided by 15.
9
Suppose -5*z - 2*g = 2*g - 123, -z - 5*g + 33 = 0. Calculate the remainder when 144 is divided by (161/42)/z - 250/(-12).
18
Let d = -24 - -103. Let a = -90 + 90. Suppose -3*h - o = -80, a = -4*o + 3 - 7. Calculate the remainder when d is divided by h.
25
Suppose -8*b = -0*b - 272. Let g(q) = q**3 - 18*q**2 - 15*q - 11. Suppose -6*u - 114 = -12*u. Calculate the remainder when g(u) is divided by b.
31
Let m(g) be the first derivative of 2*g + 95/3*g**3 + 3/2*g**2 - 13. Calculate the remainder when m(-1) is divided by 32.
30
Suppose 0 = -2*d - p + 114, p = -3*d + 101 + 68. Suppose -3*t - t + 5*n + 115 = 0, 4*n = -t + d. Calculate the remainder when t is divided by 11.
2
Let f(n) = 2131*n**2 - 11*n + 9. Calculate the remainder when f(1) is divided by 352.
17
Suppose -350 = -3*w - 0*y + 2*y, -4*w + 485 = y. Let q(d) = d**3 + 9*d**2 - 12*d + 22. What is the remainder when w is divided by q(-10)?
36
Suppose -5*i - 33 = -4*d, -5 - 10 = -5*d + i. What is the remainder when 32 is divided by d?
0
Suppose 0 = 5*r - 3*r - 10, -3*y - r = 13. What is the remainder when 202 is divided by (369/(-6))/(y/(-12)*-3)?
38
Suppose -22*c = -327 + 107. Calculate the remainder when c is divided by 6.
4
Suppose 113*f - 1968 = 31*f. Calculate the remainder when 300 is divided by f.
12
Let b = 1127 - 1044. Suppose -m - 5 = -t + 24, 0 = -4*t - 4*m + 108. Calculate the remainder when b is divided by t.
27
Suppose -4*w - 87 = -5*h, 4*w + 48 = w - 2*h. Let c = 21 + w. Suppose -197 = -5*q + q - c*z, -q = 5*z - 62. Calculate the remainder when q is divided by 24.
23
Suppose 43*b + 97*b = 25200. Calculate the remainder when b is divided by 23.
19
Let q = -267 + 5141. Calculate the remainder when q is divided by 286.
12
Let j = -964 - -1009. Calculate the remainder when j is divided by 24.
21
Let c(j) = -j**3 + 19*j**2 - 24*j + 22. Calculate the remainder when c(13) is divided by 186.
166
Let w = 6 - -12. Suppose 0 = -38*m + 25*m + 2093. Calculate the remainder when m is divided by w.
17
Suppose -w - 306 = 2*j - 632, -j + 163 = -5*w. Let y = -50 - -106. Calculate the remainder when j is divided by y.
51
Suppose 3*k + 3501 = 5*w, 0*k + 5*k = -w + 717. What is the remainder when w is divided by 185?
147
Suppose -7 = -10*p + 63. Suppose -2 = -l + 2, -5*r + 657 = 3*l. Suppose -r - 116 = -p*f. What is the remainder when f is divided by 9?
8
Suppose 147*m - 160 = 142*m. Let j = m - -5. What is the remainder when j is divided by 19?
18
Let x be (3 - 15/6) + (-33)/(-6). Suppose -49*r = -52*r + x. Suppose 0 = 4*v + r*d - 2 - 70, -v + 17 = d. What is the remainder when 37 is divided by v?
18
Let g = 15600 + -14978. Calculate the remainder when g is divided by 24.
22
Let j = 141 - 44. Suppose 4*v - 62 = -5*i, v = -1660*i + 1664*i + 89. Calculate the remainder when j is divided by v.
31
Let u(z) = -z + 1. Let g(m) = -m + 12. Let y(f) = -g(f) - u(f). Let q = 413 - 396. What is the remainder when 38 is divided by y(q)?
17
Let r(t) = -19*t - 44*t**2 + t**3 - 22 - 33*t**2 + 92*t**2. What is the remainder when